{"version":"1.0","provider_name":"KleineWege\u00ae","provider_url":"https:\/\/www.kleine-wege.de\/KW","author_name":"Yvette Schatz","author_url":"https:\/\/www.kleine-wege.de\/KW\/author\/yvette-schatz\/","title":"Quartalswechsel: Farbenfroher Herbst! - KleineWege\u00ae","type":"rich","width":600,"height":338,"html":"<blockquote class=\"wp-embedded-content\" data-secret=\"DLxwDu24p2\"><a href=\"https:\/\/www.kleine-wege.de\/KW\/2024\/09\/01\/quartalswechsel-farbenfroher-herbst\/\">Quartalswechsel: Farbenfroher Herbst!<\/a><\/blockquote><iframe sandbox=\"allow-scripts\" security=\"restricted\" src=\"https:\/\/www.kleine-wege.de\/KW\/2024\/09\/01\/quartalswechsel-farbenfroher-herbst\/embed\/#?secret=DLxwDu24p2\" width=\"600\" height=\"338\" title=\"&#8222;Quartalswechsel: Farbenfroher Herbst!&#8220; &#8211; KleineWege\u00ae\" data-secret=\"DLxwDu24p2\" frameborder=\"0\" marginwidth=\"0\" marginheight=\"0\" scrolling=\"no\" class=\"wp-embedded-content\"><\/iframe><script type=\"text\/javascript\">\n\/*! This file is auto-generated *\/\n!function(c,d){\"use strict\";var e=!1,o=!1;if(d.querySelector)if(c.addEventListener)e=!0;if(c.wp=c.wp||{},c.wp.receiveEmbedMessage);else if(c.wp.receiveEmbedMessage=function(e){var t=e.data;if(!t);else if(!(t.secret||t.message||t.value));else if(\/[^a-zA-Z0-9]\/.test(t.secret));else{for(var r,s,a,i=d.querySelectorAll('iframe[data-secret=\"'+t.secret+'\"]'),n=d.querySelectorAll('blockquote[data-secret=\"'+t.secret+'\"]'),o=new RegExp(\"^https?:$\",\"i\"),l=0;l<n.length;l++)n[l].style.display=\"none\";for(l=0;l<i.length;l++)if(r=i[l],e.source!==r.contentWindow);else{if(r.removeAttribute(\"style\"),\"height\"===t.message){if(1e3<(s=parseInt(t.value,10)))s=1e3;else if(~~s<200)s=200;r.height=s}if(\"link\"===t.message)if(s=d.createElement(\"a\"),a=d.createElement(\"a\"),s.href=r.getAttribute(\"src\"),a.href=t.value,!o.test(a.protocol));else if(a.host===s.host)if(d.activeElement===r)c.top.location.href=t.value}}},e)c.addEventListener(\"message\",c.wp.receiveEmbedMessage,!1),d.addEventListener(\"DOMContentLoaded\",t,!1),c.addEventListener(\"load\",t,!1);function t(){if(o);else{o=!0;for(var e,t,r,s=-1!==navigator.appVersion.indexOf(\"MSIE 10\"),a=!!navigator.userAgent.match(\/Trident.*rv:11\\.\/),i=d.querySelectorAll(\"iframe.wp-embedded-content\"),n=0;n<i.length;n++){if(!(r=(t=i[n]).getAttribute(\"data-secret\")))r=Math.random().toString(36).substr(2,10),t.src+=\"#?secret=\"+r,t.setAttribute(\"data-secret\",r);if(s||a)(e=t.cloneNode(!0)).removeAttribute(\"security\"),t.parentNode.replaceChild(e,t);t.contentWindow.postMessage({message:\"ready\",secret:r},\"*\")}}}}(window,document);\n<\/script>\n","thumbnail_url":"https:\/\/www.kleine-wege.de\/KW\/wp-content\/uploads\/2024\/09\/KleineWege_Herbst_2024.jpg","thumbnail_width":850,"thumbnail_height":850,"description":"Das neue Quartal startet und wir begr\u00fc\u00dfen den Herbst mit all seiner Vielseitigkeit. Reife Fr\u00fcchte werden geerntet, w\u00e4hrend die bunten Bl\u00e4tter der B\u00e4ume in warmen Farben leuchten. Lassen wir uns von dieser Jahreszeit inspirieren und gemeinsam den bunten Herbst genie\u00dfen. Ihr KleineWege\u00ae-Team."}

Das neue Quartal startet und wir begrüßen den Herbst mit all seiner Vielseitigkeit. Reife Früchte werden geerntet, während die bunten Blätter der Bäume in warmen Farben leuchten. Lassen wir uns von dieser Jahreszeit inspirieren und gemeinsam den bunten Herbst genießen. Ihr KleineWege®-Team.
