{"version":"1.0","provider_name":"KleineWege\u00ae","provider_url":"https:\/\/www.kleine-wege.de\/KW","author_name":"Yvette Schatz","author_url":"https:\/\/www.kleine-wege.de\/KW\/author\/yvette-schatz\/","title":"Quartalswechsel: Ab in die Gummistiefel - KleineWege\u00ae","type":"rich","width":600,"height":338,"html":"<blockquote class=\"wp-embedded-content\" data-secret=\"A41Kn9qUdn\"><a href=\"https:\/\/www.kleine-wege.de\/KW\/2024\/03\/01\/quartalswechsel-ab-in-die-gummistiefel\/\">Quartalswechsel: Ab in die Gummistiefel<\/a><\/blockquote><iframe sandbox=\"allow-scripts\" security=\"restricted\" src=\"https:\/\/www.kleine-wege.de\/KW\/2024\/03\/01\/quartalswechsel-ab-in-die-gummistiefel\/embed\/#?secret=A41Kn9qUdn\" width=\"600\" height=\"338\" title=\"&#8222;Quartalswechsel: Ab in die Gummistiefel&#8220; &#8211; KleineWege\u00ae\" data-secret=\"A41Kn9qUdn\" frameborder=\"0\" marginwidth=\"0\" marginheight=\"0\" scrolling=\"no\" class=\"wp-embedded-content\"><\/iframe><script type=\"text\/javascript\">\n\/*! This file is auto-generated *\/\n!function(c,d){\"use strict\";var e=!1,o=!1;if(d.querySelector)if(c.addEventListener)e=!0;if(c.wp=c.wp||{},c.wp.receiveEmbedMessage);else if(c.wp.receiveEmbedMessage=function(e){var t=e.data;if(!t);else if(!(t.secret||t.message||t.value));else if(\/[^a-zA-Z0-9]\/.test(t.secret));else{for(var r,s,a,i=d.querySelectorAll('iframe[data-secret=\"'+t.secret+'\"]'),n=d.querySelectorAll('blockquote[data-secret=\"'+t.secret+'\"]'),o=new RegExp(\"^https?:$\",\"i\"),l=0;l<n.length;l++)n[l].style.display=\"none\";for(l=0;l<i.length;l++)if(r=i[l],e.source!==r.contentWindow);else{if(r.removeAttribute(\"style\"),\"height\"===t.message){if(1e3<(s=parseInt(t.value,10)))s=1e3;else if(~~s<200)s=200;r.height=s}if(\"link\"===t.message)if(s=d.createElement(\"a\"),a=d.createElement(\"a\"),s.href=r.getAttribute(\"src\"),a.href=t.value,!o.test(a.protocol));else if(a.host===s.host)if(d.activeElement===r)c.top.location.href=t.value}}},e)c.addEventListener(\"message\",c.wp.receiveEmbedMessage,!1),d.addEventListener(\"DOMContentLoaded\",t,!1),c.addEventListener(\"load\",t,!1);function t(){if(o);else{o=!0;for(var e,t,r,s=-1!==navigator.appVersion.indexOf(\"MSIE 10\"),a=!!navigator.userAgent.match(\/Trident.*rv:11\\.\/),i=d.querySelectorAll(\"iframe.wp-embedded-content\"),n=0;n<i.length;n++){if(!(r=(t=i[n]).getAttribute(\"data-secret\")))r=Math.random().toString(36).substr(2,10),t.src+=\"#?secret=\"+r,t.setAttribute(\"data-secret\",r);if(s||a)(e=t.cloneNode(!0)).removeAttribute(\"security\"),t.parentNode.replaceChild(e,t);t.contentWindow.postMessage({message:\"ready\",secret:r},\"*\")}}}}(window,document);\n<\/script>\n","thumbnail_url":"https:\/\/www.kleine-wege.de\/KW\/wp-content\/uploads\/2024\/02\/KleineWege_Fruehling.jpg","thumbnail_width":850,"thumbnail_height":850,"description":"Ab in die Gummistiefel und auf ins Beet! Die Natur erwacht und die Sonne verw\u00f6hnt uns mit ihrer W\u00e4rme. Der Fr\u00fchling ist da und es ist Gartenzeit. Beim G\u00e4rtnern gibt es viel zum Entdecken, Staunen und Freuen. In den n\u00e4chsten Monaten wird auch bei KleineWege\u00ae ges\u00e4t, gepflegt [&hellip;]"}

Ab in die Gummistiefel und auf ins Beet! Die Natur erwacht und die Sonne verwöhnt uns mit ihrer Wärme. Der Frühling ist da und es ist Gartenzeit. Beim Gärtnern gibt es viel zum Entdecken, Staunen und Freuen. In den nächsten Monaten wird auch bei KleineWege® gesät, gepflegt [&hellip;]
